 - 185/(-15))/(-1*(-1)/54). What is the highest common divisor of j and 1064?
152
Let c be 2 + 1 + (-13 - -12). Suppose -c*i + 34 - 28 = 0. Suppose -i*h + 4*y = -370, -12*y + 7*y = 4*h - 514. Calculate the highest common divisor of 14 and h.
14
Suppose -11 - 9 = -5*c. Suppose -7*z = 5*v - c*z - 279, 2*v + 3*z - 108 = 0. What is the greatest common divisor of 114 and v?
57
Let w(t) = t**2 + 17*t + 30. Let h be w(-16). Suppose -8*n = -392 + 56. Suppose z - x = 3*x + n, x - 42 = -z. What is the greatest common factor of z and h?
14
Suppose -40*t + 3321 = -31*t - 1503. Let l = -74 + 141. Calculate the highest common divisor of t and l.
67
Let s(c) = c**3 - 25*c**2 - 38*c + 336. Let v be s(26). Let d be ((-1536)/40)/((-1)/20). Calculate the highest common factor of v and d.
24
Suppose -2*i + 5*q + 413 = 0, -3*i + 0*q = 2*q - 667. Suppose 7*r = 674 - i. What is the highest common factor of r and 195?
65
Suppose 5*q + 753 = 4*y, 3*y - 48*q - 571 = -43*q. Calculate the highest common factor of 42 and y.
14
Let v be 312/2 - (109 - (83 + 22)). Let g(a) = 3*a**3 + 2*a**2 - 2*a + 1. Let t be g(1). Calculate the highest common factor of v and t.
4
Let h(u) = -4*u**2 - 60*u + 16. Let z be h(-15). Let p be (-22035)/(-26) - (12/(-8) + 1). Calculate the greatest common divisor of z and p.
16
Suppose -5*t = 3*f - 5256 + 919, -5*f + 7237 = 4*t. Let x = -869 + f. What is the highest common divisor of 29 and x?
29
Let i(v) = 7*v - 78. Let f be i(15). Let q = 236 - f. Let w be (-1 - -20)*(-6)/(-6). Calculate the highest common factor of q and w.
19
Let c = 16 + -15. Let g be 9/(18/40) - c. Let q = 1174 + -984. Calculate the greatest common divisor of q and g.
19
Let o be 37*((-1)/4 + 50/40). Suppose -181 = -o*a + 1151. What is the highest common factor of 8 and a?
4
Let m be (-12)/4 + -27 + 0. Let p be (m/(-5) - 9 - 0) + 81. What is the highest common divisor of p and 507?
39
Suppose -95*f - 27*f = -427854. Calculate the greatest common factor of 21 and f.
21
Let a(z) = 16*z**2 - 10961 + 22*z + 11032 - 4*z. Let c be a(-4). What is the highest common factor of 170 and c?
85
Let r = -38 + 63. Let g = 50 - r. Let w = g - 15. What is the highest common divisor of 90 and w?
10
Let y = -67157 + 67205. Suppose 0*u - 2*u = -128. What is the greatest common factor of y and u?
16
Let c = 3251 - 3227. Calculate the greatest common divisor of c and 3012.
12
Let i be (-4*54/120)/(0 - (-4)/(-60)). Calculate the highest common factor of 18 and i.
9
Let m(u) = u**2 + 5*u + 1. Let i be m(-6). Let d = 110 - 108. Suppose -2*c = -5*y - 9, d*c - 6*y - 13 = -5*y. Calculate the greatest common divisor of i and c.
7
Suppose -9353 = 40*p + 10087. Let o = p - -701. Calculate the highest common divisor of o and 172.
43
Let t be (1342/44 + (-40)/5)*2. What is the greatest common divisor of t and 2475?
45
Suppose 5649 = -72*f + 17313. Calculate the greatest common factor of f and 24.
6
Let m be (-4 - 1) + 192 + 1. Suppose 329*i = 325*i + m. Let t be (-1)/(-2*(-2)/(-188)). Calculate the highest common factor of t and i.
47
Let z(l) = -l**3 + 5*l**2 + 3*l - 4. Let v be z(5). Suppose o = 28*k - 30*k + 294, 5*k = 25. Let b = -185 + o. Calculate the highest common factor of v and b.
11
Let r = 96 - 80. Suppose -r*d + 348 = -68. Suppose -9*m + 208 = -8*m. What is the greatest common divisor of m and d?
26
Suppose 0 = 5*u + 3*a - 377, -3*u - 4*a + 40 = -184. Suppose -4*k + 4*l = -u, 3*k = -0*k + 2*l + 52. Calculate the highest common factor of k and 56.
14
Suppose -43*r = -42*r - 3*n - 338, 1325 = 4*r - 3*n. What is the highest common divisor of 2491 and r?
47
Let d = -327 + 662. Suppose -15*k + 315 = 30*k. Suppose -k*l - 5*u + d = -2*l, -4*l = -5*u - 313. Calculate the greatest common factor of 24 and l.
24
Let c be 615/60 + (-2)/8*1. Let w be 163 - (c - 7)/(-1). Calculate the greatest common factor of 415 and w.
83
Let l = 164 + -108. Suppose -95 = -9*n + 94. What is the highest common factor of n and l?
7
Let r be (5 - 13/2)*112/6. Let n be r/3*450/(-35). Suppose 40 = -2*y + 4*y. What is the highest common divisor of y and n?
20
Let p(n) = -42*n + 1258. Let j be p(28). What is the greatest common divisor of j and 18?
2
Let z(i) = -4*i**3 + 10*i**2 + 99*i + 14. Let y be z(-6). Calculate the highest common divisor of y and 161.
161
Let k(a) = -4*a**3 - 110*a**2 + 26*a + 163. Let o be k(-29). Calculate the highest common divisor of 165 and o.
165
Suppose k + 84 = 3*k. Suppose -b + 5*t + 3 + 5 = 0, -2*b - 4*t = -2. Suppose 4*n - 45 = -3*m + 5*n, 0 = n + b. What is the greatest common factor of m and k?
14
Suppose 3*i - 361*r = -362*r + 5739, -5*r = -i + 1929. What is the greatest common divisor of i and 858?
66
Let h = 2616 + -856. Calculate the greatest common divisor of 320 and h.
160
Suppose 2835 - 858 = 3*g. Suppose 0 = -26*h + 1421 + g. What is the highest common divisor of h and 80?
80
Let o(a) be the second derivative of 23*a**4/12 - 5*a**3/3 + 5*a**2 + 31*a. Let h be o(2). Calculate the greatest common factor of h and 41.
41
Suppose 572 = 21*r - 268. Suppose 2*k - 5*k + 60 = 0. What is the greatest common divisor of k and r?
20
Let m be ((-1)/(10/(-8)))/((-5)/(-50)). Let u = 23 + m. Let q be 15/(-10) - (-1 + 189/(-6)). Calculate the greatest common divisor of q and u.
31
Suppose b - 7*r - 18 = -10*r, 2*b - 5*r - 58 = 0. Calculate the greatest common divisor of 2880 and b.
24
Let h = 982 - 707. Calculate the highest common divisor of h and 22.
11
Let z(f) = -f**3 - 5*f**2 - 2*f - 1. Let u be z(-5). Suppose 63 = -0*c + u*c. Suppose -9*s + 731 - 38 = 0. What is the highest common divisor of s and c?
7
Suppose -x = -203*u + 202*u + 2971, 4*x = 3*u - 8908. Calculate the greatest common divisor of 48 and u.
48
Suppose 5*n = 5*w - 1070, 5*n + 854 = 4*w + 2*n. Suppose -8 - w = -2*r. Let l be 4/46 - 1368/(-138). Calculate the greatest common divisor of l and r.
10
Let l(g) = 299*g + 156. Let d be l(7). What is the greatest common factor of 26 and d?
13
Let y = 155 + -91. Let h(b) = -1081*b**2 + 6481*b + 34. Let j be h(6). Calculate the greatest common divisor of y and j.
4
Let k = 8 + 6. Let i(d) = -8*d + 130. Let p be i(16). Let n(l) = -5*l + 17. Let w be n(p). Calculate the highest common factor of w and k.
7
Let t be 1 + 2 - (4 + (-6 - -2)). Suppose 0 = -5*f + j + 3*j - 675, -t*j = -f - 124. Let l = 382 + f. Calculate the highest common divisor of l and 27.
27
Suppose y - 6*k = -10*k + 731, 3*y = -2*k + 2233. What is the greatest common factor of y and 36?
9
Let x be 1*8*(204 + -10). Calculate the greatest common factor of 16 and x.
16
Let j(h) = h + 7. Let v be j(5). Let i = v + -7. Suppose f - 134 = -136, 0 = 3*z - 5*f - 40. Calculate the greatest common divisor of i and z.
5
Suppose 0 = d + 2*c - 83, 198 - 37 = 2*d + 5*c. Suppose 0*b = -5*b - 3*h + 629, -5*b + 4*h = -608. Calculate the highest common factor of b and d.
31
Suppose h + 1 = 6. Suppose 7 = v + h. Let o = 439 - 417. Calculate the highest common divisor of o and v.
2
Let g be -413*10/(-35) - (-6 - -3). What is the greatest common divisor of 3267 and g?
121
Let a(u) = 805*u**2 - 71*u - 454. Let h be a(-8). What is the greatest common factor of 22 and h?
22
Let f(y) = 2*y**3 - 4*y**2 - 4*y + 3. Let z be f(4). Let v be 25/((-150)/(-4134)) + -26. Calculate the greatest common divisor of v and z.
51
Let u = 317 + -299. Suppose -294*o + 281*o = -468. Calculate the greatest common factor of u and o.
18
Let h(k) = -141*k + 1360. Let z be h(8). Calculate the highest common factor of z and 8.
8
Let k(w) = -w + 7. Let d be k(5). Let q(a) = -13*a - 4. Let p be q(d). Let h be (-12*3/p)/((-1)/(-45)). Calculate the greatest common factor of h and 36.
18
Suppose 3*u = -0*u + a + 382, 626 = 5*u + a. Let o = -80 + u. What is the highest common factor of o and 4?
2
Suppose -g = r - 213, 24*g - 28*g + 642 = 3*r. Calculate the greatest common divisor of 378 and r.
42
Suppose -2*r = -3*o - 636, 2*r - 628 = 8*o - 9*o. Let y = r + -304. Let i be (-2 - -13 - -1) + -1. Calculate the greatest common divisor of i and y.
11
Suppose -25 = 5*b, f + 119*b - 12 = 117*b. Calculate the highest common factor of f and 418.
22
Suppose -2*s + 27*k - 25*k = -236, k = 5*s - 582. Calculate the highest common factor of 957 and s.
29
Suppose 29*n + 61*n + 33728 = 124*n. Wha